 Suppose 13 - 52 = 3*x. Let b(h) = -9*h**2 - 14*h - 17. Let p(m) = x*b(m) - 6*j(m). What are the prime factors of p(-6)?
71
Let t(r) = r**3 + 5*r**2 - 5*r + 1. Let d be t(-6). What are the prime factors of 18/90 + (-199)/d?
2, 5
Suppose -2*a = -4*m + 9834, 10*m = 6*m + a + 9837. List the prime factors of m.
2, 3, 5, 41
Suppose 30*l = -1803 + 8133. List the prime factors of l.
211
Let h(n) = n - 9. Let t be h(12). What are the prime factors of (3 - 12/t)*-74?
2, 37
Suppose h + 2*g = 25, -3*g - 30 = -5*h + 2*h. List the prime factors of h.
3, 5
Let q(s) = -s + 14. Let v be q(-12). Let n(h) = h**2 - 24*h + 54. What are the prime factors of n(v)?
2, 53
Suppose d + 4*v + 3108 = 5*d, d = 3*v + 787. What are the prime factors of d?
2, 193
Let g(p) = 2 - 2 - 6*p**3 + 48*p**3 - p**2. List the prime factors of g(1).
41
Suppose -2082 = -56*m + 50*m. List the prime factors of m.
347
Suppose 4*p - 468 = 4*x, 3*p + 4*x + 177 = 521. Suppose -21*k = -19*k - p. What are the prime factors of k?
2, 29
Let k = 13 + -8. Let r(n) = -n**3 + 7*n**2 - 8*n + 4. What are the prime factors of r(k)?
2, 7
Let x be (3/(-21))/(2/(-14)). Let a be (47 - 1 - x) + 3. Suppose -d + 7 = -a. What are the prime factors of d?
5, 11
Let d be (1 - -1)/(1/220). Suppose -d + 50 = -3*b. List the prime factors of b.
2, 5, 13
Suppose 1126 = 3*f - 3593. List the prime factors of f.
11, 13
Suppose -i - 22 = -6*a + a, -5*i + 25 = 2*a. Suppose 5*k - 2 = -3*p + 14, i*p - 10 = -2*k. What are the prime factors of 2/1 + 6 + k?
2, 5
Let w = -214 - -1148. What are the prime factors of w?
2, 467
Let n(y) = -131*y - 196. List the prime factors of n(-29).
3, 1201
What are the prime factors of 52/(-78) + ((-7808)/(-6))/2?
2, 5, 13
Suppose 9*p = 5*p + 364. Suppose p = 3*y + 7. List the prime factors of y.
2, 7
Suppose -9 + 1 = -4*v. Let n(y) = -v*y**3 + 35 + y + 3*y**3 + y**2 - y. List the prime factors of n(0).
5, 7
Suppose k - 5 = 3*s + 3, 0 = -k - 3*s - 4. Suppose -4*q - 2*r - 926 = 0, 3*q + 3*r - 5*r + 705 = 0. List the prime factors of q/(-11) - k/11.
3, 7
Let t be -2*-2*5/4. Let n be 0/(-2 - 1) + 52. Suppose -4*v - 14 = -3*f - 57, t*v - 2*f = n. List the prime factors of v.
2, 5
Suppose 3*f + 5007 = 2*g, -3306 = -2*g - 5*f + 1661. What are the prime factors of g?
2, 3, 13
Suppose 35*z - 57365 = 14735. List the prime factors of z.
2, 5, 103
Suppose -2*o = 2*o, 4*p - 92 = -2*o. What are the prime factors of p?
23
Let f = -2087 + 3110. List the prime factors of f.
3, 11, 31
Let t(m) = -44*m**3 + 2*m**2 + 11*m + 10. List the prime factors of t(-3).
7, 13
Let d(i) = 29*i - 14. Suppose o - 5*m = -18, 2 = 5*o - 4*m - 13. What are the prime factors of d(o)?
3, 7
Let z = -97 + 167. What are the prime factors of z?
2, 5, 7
Suppose -13 - 212 = 5*n. List the prime factors of (-4)/(-16) + n/(-12).
2
Let z(g) = -g**3 - 15*g**2 + 10*g - 12. Let f be z(-15). Let u = 311 + f. What are the prime factors of u?
149
What are the prime factors of 7 + (15/(-15) - (-863 - 0))?
11, 79
Let n(p) = -467*p - 199. What are the prime factors of n(-6)?
19, 137
List the prime factors of (-6)/70*-7*1035.
3, 23
Suppose -17*p = -24*p + 14658. List the prime factors of p.
2, 3, 349
Suppose -2*z = -3*o + 14, -2*z - 30 = -5*o - 8. Suppose 5*l - 433 + 98 = -o*u, l - 254 = -3*u. What are the prime factors of u?
5, 17
Suppose 2*u - 34 - 12 = 0. Suppose 5*k - 4*k = u. List the prime factors of k.
23
Suppose -4*v - 19 = -3*f, -v + 30 = 4*f - 4*v. Let s = 14 - f. Suppose 22 = z - 4*h, -5*h = -z + s*z - 109. What are the prime factors of z?
2, 13
Let s(t) = -t**3 + 2*t + 678. What are the prime factors of s(0)?
2, 3, 113
Suppose 15*n = 16*n - 6. Suppose 244 = n*y - 2*y. List the prime factors of y.
61
Let t be -2 - 8/(2/(-106) - 0). Suppose -10*o = -t - 538. List the prime factors of o.
2, 3
Let y = 2 - -1. Suppose y*h = -5*m + 461, -3*h - 5*m = -3*m - 476. List the prime factors of h.
2, 3
Let l(r) = -2*r**3 + 3 - r**2 - 2 + 2 + 2*r. Suppose 3*d + 21 = -3*m, -123 + 119 = m. What are the prime factors of l(d)?
2, 3, 7
Let z = 25 - -229. Suppose 3*t + 0*t - 252 = 3*u, z = 3*t - 4*u. What are the prime factors of t?
2, 41
Suppose 12*j = 20*j - 8792. List the prime factors of j.
7, 157
Suppose y - 4*y - 3 = -3*h, -3*h + y = -1. Let i(s) = -s**3 + 3*s**2 + 9*s + h*s**3 + 4*s**2 + 3. What are the prime factors of i(8)?
11
Let w(z) be the first derivative of -26*z**2 - z - 88. Let c be -3 - ((-9)/3 - -1). What are the prime factors of w(c)?
3, 17
Suppose -351*k + 355*k = 1508. List the prime factors of k.
13, 29
Let u(s) = 4*s**3 + s**2 - 2*s - 2. Let t be u(-1). Let f = t - -4. What are the prime factors of 13 + (f - 2)*-3?
2
Let s(o) = o**2 - 3*o + 5. Let d be s(0). Suppose d*y + 5*i - 130 = 4*i, 3*y - 78 = -3*i. List the prime factors of y.
2, 13
Let q(p) = -2*p**2 + 16*p**2 + 2*p**2 - p + 1 - p**2. Let y be 4/(-6)*24/(-16). List the prime factors of q(y).
3, 5
Let a(z) = 384*z**2 - 19*z + 3. What are the prime factors of a(2)?
19, 79
List the prime factors of 1040*(1/(-4) + 44/44).
2, 3, 5, 13
Suppose 2*u = s - 483, 0*s = s + 5*u - 483. What are the prime factors of s?
3, 7, 23
Suppose -3*t + 4*k + 5 = 0, 0 = -t - 4*k - 5 - 4. List the prime factors of -3 + t + (72 - -3).
71
Suppose 0*n + 2*j - 14 = -n, -3*n = 3*j - 39. Suppose -f - 2*o = f + 14, 0 = 5*o - 5. Let c = n - f. List the prime factors of c.
2, 5
Let y be (-8)/(-2) + 16 + -35. Let g(f) = -2*f - 11. Let a(o) = o + 6. Let d(s) = -7*a(s) - 3*g(s). List the prime factors of d(y).
2, 3
Let q(r) = r**2 + 3*r - 7. Let h be q(3). Suppose -h*v = -13*v + 446. Suppose -7*s + 120 = -v. List the prime factors of s.
7
Suppose 5*w + 7 = -8, 0 = -5*d - w + 2747. What are the prime factors of d?
2, 5, 11
Let u(j) = j**2 - j + 2. Let y(o) = -o**3 + 5*o**2 - 6*o + 5. Let l = -13 - -17. Let r be y(l). List the prime factors of u(r).
2, 7
Let m(o) = -234*o - 24. What are the prime factors of m(-2)?
2, 3, 37
Let c be 2616/(-108) + 4/18. Let v be (c/(-7))/((-2)/(-63)). What are the prime factors of (v/18)/((-1)/(-6))?
2, 3
Suppose 0 = j - 2*j + 2. Let a be j/(-6) + 47/(-3). Let l(y) = -y**3 - 16*y**2 - 3*y - 20. What are the prime factors of l(a)?
2, 7
Let h(j) = 25*j**2 + 8*j + 4. What are the prime factors of h(-7)?
3, 17, 23
Let t = 80 - 19. Suppose 62*z = t*z + 64. What are the prime factors of z?
2
Let w = -1788 + 5870. What are the prime factors of w?
2, 13, 157
Suppose 384 = -9*f + 3*f. Let q = f + 170. List the prime factors of q.
2, 53
Let s be 5/(-10)*10*-1. Suppose 2*h + 9 = s*h. Suppose h*m + 3*a - 120 = -m, -2*a = 3*m - 91. What are the prime factors of m?
3, 11
Suppose -54038 = -9*s + 1150. What are the prime factors of s?
2, 3, 7, 73
Suppose 0 = 5*m + 2*q - 5625 - 2933, 0 = 4*m + 4*q - 6856. List the prime factors of m.
2, 3, 5, 19
Let c = 1844 + -336. List the prime factors of c.
2, 13, 29
Suppose -2*j + 6 = 12. List the prime factors of (1/j)/((-3)/54).
2, 3
Let p be 2*356/(-16)*2. Let z = -63 - p. What are the prime factors of z?
2, 13
Suppose 8*i - 874 = 3014. List the prime factors of i.
2, 3
Suppose -5*q = 3*o - 1015, q + 1384 = -o + 5*o. What are the prime factors of o?
3, 5, 23
Suppose 1108 + 7477 = 17*h. What are the prime factors of h?
5, 101
Let z(q) = -q**3 + 7*q. Let i(o) = o**2 + 6*o - 1. Let f(y) = 3*i(y) - 2*z(y). List the prime factors of f(2).
3, 11
Let g(b) = -4*b. Let c be g(-1). Suppose z = -4*y + 8, 0 = z + c*z. List the prime factors of 3/y*(-28)/(-6).
7
Let x(f) = f**3 - 10*f**2 - 64*f + 11. List the prime factors of x(18).
1451
Let k be (-3 + 2)*(1 + 0). Let l be k + (-2 - -3) + 12. Suppose -n = -3 - l. List the prime factors of n.
3, 5
Let n(o) = 51*o - 1138. List the prime factors of n(37).
7, 107
Let a(i) = i**3 + i**2 + 5. Let p be a(0). Let u(l) = -5 - 5 + 11 + p*l. List the prime factors of u(3).
2
Let t(u) = u**2 - u. Let d(h) = -h**3 - h**2 + 4*h + 17. Let m(y) = d(y) - 5*t(y). What are the prime factors of m(-8)?
73
Let p be -17*(-2 + 5)*-3. Let o = p + -92. What are the prime factors of o?
61
Let p be 7/5 + -2 + (-65)/(-25). What are the prime factors of (p/8)/(-1) - 2116/(-16)?
2, 3, 11
Let j(m) = 17*m**3 - 5*m**2 - 11*m + 38. List the prime factors of j(4).
2, 3, 167
Let x = -171 - -271. Suppose o = x + 63. List the prime factors of o.
163
Let n(i) = 79